{"id":4281,"date":"2022-12-14T09:14:08","date_gmt":"2022-12-14T08:14:08","guid":{"rendered":"https:\/\/magmatagri.com\/matagri\/?post_type=product&#038;p=4281"},"modified":"2023-06-06T13:30:03","modified_gmt":"2023-06-06T11:30:03","slug":"atomiseur-porte-turbine","status":"publish","type":"product","link":"https:\/\/magmatagri.com\/matagri\/product\/atomiseur-porte-turbine\/","title":{"rendered":"ATOMISEUR PORTE de 200L \u00e0 600L"},"content":{"rendered":"<h4><span style=\"color: #000000;\">L&#8217;atomiseur port\u00e9 MATAGRI est une machine professionnelle utilis\u00e9e pour le traitement antiparasitaires sur les vergers, les oliveraies ou les vignobles. Il repr\u00e9sente un gain de temps et d&#8217;\u00e9nergie avec la garantie d&#8217;un r\u00e9sultat optimal.<\/span><br \/>\n<span style=\"color: #000000;\">Dot\u00e9 d&#8217;un ventilateur puissant, il permet de projeter de fines gouttelettes de liquides pour lutter contre les parasites pouvant \u00eatre nocifs \u00e0 la culture.<\/span><\/h4>\n<p><a href=\"https:\/\/magmatagri.com\/matagri\/wp-content\/uploads\/2023\/06\/ATOMISEUR-PORTE.pdf\"><img decoding=\"async\" loading=\"lazy\" class=\"alignnone  wp-image-4402\" src=\"https:\/\/magmatagri.com\/matagri\/wp-content\/uploads\/2022\/12\/PDF.png\" alt=\"\" width=\"155\" height=\"191\" srcset=\"https:\/\/magmatagri.com\/matagri\/wp-content\/uploads\/2022\/12\/PDF.png 1200w, https:\/\/magmatagri.com\/matagri\/wp-content\/uploads\/2022\/12\/PDF-244x300.png 244w, https:\/\/magmatagri.com\/matagri\/wp-content\/uploads\/2022\/12\/PDF-834x1024.png 834w, https:\/\/magmatagri.com\/matagri\/wp-content\/uploads\/2022\/12\/PDF-768x943.png 768w, https:\/\/magmatagri.com\/matagri\/wp-content\/uploads\/2022\/12\/PDF-370x454.png 370w, https:\/\/magmatagri.com\/matagri\/wp-content\/uploads\/2022\/12\/PDF-600x737.png 600w\" sizes=\"(max-width: 155px) 100vw, 155px\" \/><\/a><\/p>\n","protected":false},"excerpt":{"rendered":"<h5 class=\"surLigne\">Formulaire de commande de :<\/h5>\n<div class=\"maCommande\"><\/div>\n[contact-form-7 id=\"377\" title=\"Martfury Form 1\"]\n","protected":false},"featured_media":4329,"comment_status":"open","ping_status":"closed","template":"","meta":[],"product_cat":[263,271],"product_tag":[],"_links":{"self":[{"href":"https:\/\/magmatagri.com\/matagri\/wp-json\/wp\/v2\/product\/4281"}],"collection":[{"href":"https:\/\/magmatagri.com\/matagri\/wp-json\/wp\/v2\/product"}],"about":[{"href":"https:\/\/magmatagri.com\/matagri\/wp-json\/wp\/v2\/types\/product"}],"replies":[{"embeddable":true,"href":"https:\/\/magmatagri.com\/matagri\/wp-json\/wp\/v2\/comments?post=4281"}],"wp:featuredmedia":[{"embeddable":true,"href":"https:\/\/magmatagri.com\/matagri\/wp-json\/wp\/v2\/media\/4329"}],"wp:attachment":[{"href":"https:\/\/magmatagri.com\/matagri\/wp-json\/wp\/v2\/media?parent=4281"}],"wp:term":[{"taxonomy":"product_cat","embeddable":true,"href":"https:\/\/magmatagri.com\/matagri\/wp-json\/wp\/v2\/product_cat?post=4281"},{"taxonomy":"product_tag","embeddable":true,"href":"https:\/\/magmatagri.com\/matagri\/wp-json\/wp\/v2\/product_tag?post=4281"}],"curies":[{"name":"wp","href":"https:\/\/api.w.org\/{rel}","templated":true}]}}